{"id":41,"date":"2019-10-06T11:51:39","date_gmt":"2019-10-06T11:51:39","guid":{"rendered":"http:\/\/grabser-jassmeisterschaft.ch\/?page_id=41"},"modified":"2026-02-23T13:27:24","modified_gmt":"2026-02-23T13:27:24","slug":"impressionen","status":"publish","type":"page","link":"https:\/\/grabser-jassmeisterschaft.ch\/index.php\/impressionen\/","title":{"rendered":"Impressionen"},"content":{"rendered":"\n<p><\/p>\n\n\n\n<p><\/p>\n\n\n\n<p><strong>R\u00fcckblick auf die Jassmeisterschaft 2026<\/strong><\/p>\n\n\n\n<p><strong>RESULTATE:<\/strong><br><strong><a href=\"https:\/\/grabser-jassmeisterschaft.ch\/wp-content\/uploads\/2026\/01\/2026-Rangliste-Einzeljasser.pdf\">Rangliste Einzeljasser<\/a><br><a href=\"https:\/\/grabser-jassmeisterschaft.ch\/wp-content\/uploads\/2026\/01\/2026-Rangliste-Mannschaften.pdf\">Rangliste Mannschaften<\/a><\/strong><\/p>\n\n\n\n<p><strong>JASSMEISTERSCHAFT 2026 <em>&#8211; die 40. Jassmeisterschaft!<\/em><\/strong><br>Die Jassmeisterschaft 2026 ist bereits wieder Vergangenheit! Herzlichen Dank den 150 Jasserinnen und Jassern f\u00fcr ihre Teilnahme! <\/p>\n\n\n\n<p>Es war die <strong>vierzigste<\/strong> Ausgabe dieses urspr\u00fcnglich von den &#8222;Milit\u00e4rsch\u00fctzen Werdenberg&#8220; ins Leben gerufenen Anlasses. Im Jahr 2010 wurde die Organisation an den M\u00e4nnerchor Grabs \u00fcbergeben (Hier die&nbsp;<a href=\"https:\/\/grabser-jassmeisterschaft.ch\/wp-content\/uploads\/2025\/11\/Gruendungsgeschichte.pdf\">Entstehungsgeschichte&nbsp;<\/a>der Jassmeisterschaft, verfasst durch Alfred Heeb.)<\/p>\n\n\n\n<p>Bericht W und O: (<a href=\"https:\/\/grabser-jassmeisterschaft.ch\/wp-content\/uploads\/2026\/02\/Zeitungsbericht-WundO-Jan2026.pdf\">hier noch als PDF<\/a>)<\/p>\n\n\n\n<figure class=\"wp-block-image size-full\"><img loading=\"lazy\" decoding=\"async\" width=\"592\" height=\"861\" src=\"https:\/\/grabser-jassmeisterschaft.ch\/wp-content\/uploads\/2026\/02\/2026-Bericht-wundo.jpg\" alt=\"\" class=\"wp-image-1849\" srcset=\"https:\/\/grabser-jassmeisterschaft.ch\/wp-content\/uploads\/2026\/02\/2026-Bericht-wundo.jpg 592w, https:\/\/grabser-jassmeisterschaft.ch\/wp-content\/uploads\/2026\/02\/2026-Bericht-wundo-206x300.jpg 206w\" sizes=\"auto, (max-width: 592px) 100vw, 592px\" \/><\/figure>\n\n\n\n<p>_____________________________________________________________________________________________<\/p>\n\n\n\n<p><strong>R\u00fcckblick auf die JASSMEISTERSCHAFT 2025<\/strong><br>Hier die Ranglisten:<\/p>\n\n\n\n<p><a href=\"http:\/\/grabser-jassmeisterschaft.ch\/wp-content\/uploads\/2025\/01\/2025-Jassm-Rangliste-Einzel.pdf\">Rangliste-Einzeljasser<\/a>&nbsp;\u2013&nbsp;<a href=\"http:\/\/grabser-jassmeisterschaft.ch\/wp-content\/uploads\/2025\/01\/2025-Jassm-Rangliste-Mannschaft.pdf\">Rangliste-Mannschaft<\/a><\/p>\n\n\n\n<p><a href=\"https:\/\/grabser-jassmeisterschaft.ch\/index.php\/jassmeisterschaft-2025\/\">Bildergalerie<\/a><\/p>\n\n\n\n<p>Bericht W&amp;O:<\/p>\n\n\n\n<figure class=\"wp-block-image size-full\"><a href=\"http:\/\/grabser-jassmeisterschaft.ch\/wp-content\/uploads\/2025\/01\/2025-Bericht-wundo.pdf\"><img loading=\"lazy\" decoding=\"async\" width=\"717\" height=\"960\" src=\"http:\/\/grabser-jassmeisterschaft.ch\/wp-content\/uploads\/2025\/01\/2025-bericht-wundo-klein.jpg\" alt=\"\" class=\"wp-image-1603\" srcset=\"https:\/\/grabser-jassmeisterschaft.ch\/wp-content\/uploads\/2025\/01\/2025-bericht-wundo-klein.jpg 717w, https:\/\/grabser-jassmeisterschaft.ch\/wp-content\/uploads\/2025\/01\/2025-bericht-wundo-klein-224x300.jpg 224w, https:\/\/grabser-jassmeisterschaft.ch\/wp-content\/uploads\/2025\/01\/2025-bericht-wundo-klein-624x835.jpg 624w\" sizes=\"auto, (max-width: 717px) 100vw, 717px\" \/><\/a><\/figure>\n\n\n\n<p><\/p>\n\n\n\n<p><\/p>\n\n\n\n<p><strong>(<em>R\u00fcckblick auf fr\u00fchere Jassmeisterschaften siehe unter <a href=\"http:\/\/grabser-jassmeisterschaft.ch\/index.php\/archiv\/\">Archiv)<\/a><\/em><\/strong><em> <\/em> <br><br><\/p>\n","protected":false},"excerpt":{"rendered":"<p>R\u00fcckblick auf die Jassmeisterschaft 2026 RESULTATE:Rangliste EinzeljasserRangliste Mannschaften JASSMEISTERSCHAFT 2026 &#8211; die 40. Jassmeisterschaft!Die Jassmeisterschaft 2026 ist bereits wieder Vergangenheit! Herzlichen Dank den 150 Jasserinnen und Jassern f\u00fcr ihre Teilnahme! Es war die vierzigste Ausgabe dieses urspr\u00fcnglich von den &#8222;Milit\u00e4rsch\u00fctzen Werdenberg&#8220; ins Leben gerufenen Anlasses. Im Jahr 2010 wurde die Organisation an den M\u00e4nnerchor Grabs [&hellip;]<\/p>\n","protected":false},"author":1,"featured_media":0,"parent":0,"menu_order":0,"comment_status":"closed","ping_status":"closed","template":"page-templates\/full-width.php","meta":{"footnotes":"","_links_to":"","_links_to_target":""},"class_list":["post-41","page","type-page","status-publish","hentry"],"_links":{"self":[{"href":"https:\/\/grabser-jassmeisterschaft.ch\/index.php\/wp-json\/wp\/v2\/pages\/41","targetHints":{"allow":["GET"]}}],"collection":[{"href":"https:\/\/grabser-jassmeisterschaft.ch\/index.php\/wp-json\/wp\/v2\/pages"}],"about":[{"href":"https:\/\/grabser-jassmeisterschaft.ch\/index.php\/wp-json\/wp\/v2\/types\/page"}],"author":[{"embeddable":true,"href":"https:\/\/grabser-jassmeisterschaft.ch\/index.php\/wp-json\/wp\/v2\/users\/1"}],"replies":[{"embeddable":true,"href":"https:\/\/grabser-jassmeisterschaft.ch\/index.php\/wp-json\/wp\/v2\/comments?post=41"}],"version-history":[{"count":31,"href":"https:\/\/grabser-jassmeisterschaft.ch\/index.php\/wp-json\/wp\/v2\/pages\/41\/revisions"}],"predecessor-version":[{"id":1856,"href":"https:\/\/grabser-jassmeisterschaft.ch\/index.php\/wp-json\/wp\/v2\/pages\/41\/revisions\/1856"}],"wp:attachment":[{"href":"https:\/\/grabser-jassmeisterschaft.ch\/index.php\/wp-json\/wp\/v2\/media?parent=41"}],"curies":[{"name":"wp","href":"https:\/\/api.w.org\/{rel}","templated":true}]}}