{"id":28,"date":"2019-10-06T11:38:44","date_gmt":"2019-10-06T11:38:44","guid":{"rendered":"http:\/\/grabser-jassmeisterschaft.ch\/?page_id=28"},"modified":"2024-11-14T11:28:43","modified_gmt":"2024-11-14T11:28:43","slug":"wir","status":"publish","type":"page","link":"https:\/\/grabser-jassmeisterschaft.ch\/index.php\/wir\/","title":{"rendered":"Wer sind wir?"},"content":{"rendered":"\n<p>Im Jahre 2009 haben die Milit\u00e4rsch\u00fctzen Werdenberg die Organisation der Grabser Jassmeisterschaft an den <strong><a aria-label=\"M\u00e4nnerchor Grabs (\u00f6ffnet in neuem Tab)\" href=\"http:\/\/www.grabser-choere.ch\" target=\"_blank\" rel=\"noreferrer noopener\">M\u00e4nnerchor Grabs<\/a> <\/strong>\u00fcbergeben. Hier die\u00a0<a href=\"http:\/\/www.grabser-choere.ch\/jassmeisterschaft\/Gruendungsgeschichte.pdf\">Entstehungsgeschichte der Jassmeisterschaft<\/a>, verfasst durch Alfred Heeb.<\/p>\n\n\n\n<p>Hier die aktuelle OK-Liste:<\/p>\n\n\n\n<p><strong>OK-Mitglieder:<\/strong><\/p>\n\n\n\n<figure class=\"wp-block-table\"><table><tbody><tr><td>Vetsch Reto<\/td><td>OK-Pr\u00e4sident, Spielleiter<\/td><\/tr><tr><td>Hauser Wilfried<\/td><td>Aktuar<\/td><\/tr><tr><td>Dudli Josef<\/td><td>Finanzen \/ Rechnungsb\u00fcro \/ Webmaster<\/td><\/tr><tr><td>Kunz Urs<\/td><td>Sponsoring\/Werbung<\/td><\/tr><tr><td>Zogg Ueli<\/td><td>Festwirtschaft<\/td><\/tr><tr><td>Eggenberger Peter<\/td><td>Materialverwalter<\/td><\/tr><\/tbody><\/table><\/figure>\n\n\n\n<p><strong> Kontakt<\/strong> per Email unter <a href=\"mailto:jassmeisterschaft@grabser-choere.ch\">jassmeisterschaft@grabser-choere.ch<\/a> <\/p>\n","protected":false},"excerpt":{"rendered":"<p>Im Jahre 2009 haben die Milit\u00e4rsch\u00fctzen Werdenberg die Organisation der Grabser Jassmeisterschaft an den M\u00e4nnerchor Grabs \u00fcbergeben. Hier die\u00a0Entstehungsgeschichte der Jassmeisterschaft, verfasst durch Alfred Heeb. Hier die aktuelle OK-Liste: OK-Mitglieder: Vetsch Reto OK-Pr\u00e4sident, Spielleiter Hauser Wilfried Aktuar Dudli Josef Finanzen \/ Rechnungsb\u00fcro \/ Webmaster Kunz Urs Sponsoring\/Werbung Zogg Ueli Festwirtschaft Eggenberger Peter Materialverwalter Kontakt per [&hellip;]<\/p>\n","protected":false},"author":1,"featured_media":0,"parent":0,"menu_order":0,"comment_status":"closed","ping_status":"closed","template":"page-templates\/full-width.php","meta":{"footnotes":"","_links_to":"","_links_to_target":""},"class_list":["post-28","page","type-page","status-publish","hentry"],"_links":{"self":[{"href":"https:\/\/grabser-jassmeisterschaft.ch\/index.php\/wp-json\/wp\/v2\/pages\/28","targetHints":{"allow":["GET"]}}],"collection":[{"href":"https:\/\/grabser-jassmeisterschaft.ch\/index.php\/wp-json\/wp\/v2\/pages"}],"about":[{"href":"https:\/\/grabser-jassmeisterschaft.ch\/index.php\/wp-json\/wp\/v2\/types\/page"}],"author":[{"embeddable":true,"href":"https:\/\/grabser-jassmeisterschaft.ch\/index.php\/wp-json\/wp\/v2\/users\/1"}],"replies":[{"embeddable":true,"href":"https:\/\/grabser-jassmeisterschaft.ch\/index.php\/wp-json\/wp\/v2\/comments?post=28"}],"version-history":[{"count":12,"href":"https:\/\/grabser-jassmeisterschaft.ch\/index.php\/wp-json\/wp\/v2\/pages\/28\/revisions"}],"predecessor-version":[{"id":1459,"href":"https:\/\/grabser-jassmeisterschaft.ch\/index.php\/wp-json\/wp\/v2\/pages\/28\/revisions\/1459"}],"wp:attachment":[{"href":"https:\/\/grabser-jassmeisterschaft.ch\/index.php\/wp-json\/wp\/v2\/media?parent=28"}],"curies":[{"name":"wp","href":"https:\/\/api.w.org\/{rel}","templated":true}]}}